Let o = -135 - -168. Let r = k + o. Calculate the greatest common factor of 1 and r.
1
Let g = -169 + 316. Let r be (-129)/(-2) - (-1296)/(-864). What is the highest common divisor of g and r?
21
Let y be -9*(-5 + 9)/(-4). Suppose -y*c + 107 - 26 = 0. Calculate the highest common divisor of c and 72.
9
Suppose -18 = -3*k - 3*q, 2*q = 5*k - 69 + 4. Let x be (341/(-2))/k*5*-2. What is the greatest common factor of 124 and x?
31
Let g(v) = -v**2 - 4*v + 2. Let f be g(-4). Let c(n) = -18 - 12 - 6*n**f + 16 - 9*n - n**3. Let z be c(-6). What is the greatest common divisor of z and 5?
5
Let k = -69 + 100. Let b(t) = -5*t - 71. Let v be b(-15). Suppose -y + 2*z = -93, -38*z + 372 = v*y - 35*z. Calculate the highest common factor of k and y.
31
Let k be (5 + 3)*(-4 - (-360)/4). Suppose -2*f = 2*s - k, 2*f + s = -0*s + 686. Calculate the greatest common divisor of f and 38.
38
Let z be 4/(-2) - (-32)/8. Let l(h) = 76*h - 5. Let d be l(z). Suppose 0 = -9*k - 39 + d. Calculate the highest common factor of k and 24.
12
Let p be (-1848)/(-336)*(-2 - (-46)/11). Let h be (-8 - -2)*2/(-3). Calculate the greatest common factor of h and p.
4
Let i = -733 - -787. Calculate the highest common factor of i and 1179.
9
Suppose 214045 = 75*i + 21*i - 72323. What is the greatest common divisor of i and 19?
19
Suppose -21*d + 0*d + 6668 + 10972 = 0. What is the highest common divisor of 75 and d?
15
Suppose -3*u = -2*y + 12, 2*y - 4*u - 4 = u. Let k = y + -27. Let x(v) = -2*v**2 - 31*v - 14. Let f be x(k). Calculate the greatest common factor of f and 11.
1
Let x(c) = -665*c**3 + 71*c**2 + 146*c. Let v be x(-2). Calculate the greatest common factor of 747 and v.
83
Let l be 182122/246 + (-3)/9. Calculate the greatest common divisor of l and 1406.
74
Let y(s) = 47*s**2 + 3*s. Let p = -269 - -266. Let d be y(p). What is the greatest common factor of d and 18?
18
Let c = 939 - 809. Calculate the highest common factor of 13390 and c.
130
Let r = -49 + 55. Let t(s) = 3*s - 15. Let n be t(r). Suppose n*x + 3*v = 6, -x = -2*v - 3*v - 2. Calculate the highest common factor of x and 6.
2
Let s(f) = -2*f**2 - f + 17. Let p be s(3). Let t be 0 + (2 - p) + 110. Calculate the greatest common factor of 290 and t.
58
Let w = -50 + 54. Suppose 5*i + w*l + 4 = 101, 0 = i + 4*l - 29. Calculate the greatest common factor of 374 and i.
17
Let d = 42 - 372. Let u = 333 + d. Calculate the highest common divisor of 6 and u.
3
Let g(q) = q**3 - 130*q**2 - 531*q - 598. Let w be g(134). Suppose -4*b = -21 + 61. Let c = b + 18. What is the highest common divisor of c and w?
8
Let y(a) = -3*a**3 - 16*a**2 - 18*a. Let u be y(-4). Suppose 3*m + m = -24. Let s be m/(-9) + 428/6. What is the greatest common factor of s and u?
8
Let i = -89 + 98. Let d be 14*(2 - i/6). What is the greatest common factor of 1 and d?
1
Let y be 2/3*((-9)/(-2) - 3). Let w be (y - -26)*40/24. What is the highest common divisor of w and 60?
15
Suppose -27 = 2*o + 23. Let i = o + 37. Let l be 30/i - (-67)/2. Calculate the greatest common factor of l and 252.
36
Let p = 9 + 8. Suppose -3*g - 21*v + 162 = -22*v, -2*g + 2*v = -120. What is the highest common divisor of g and p?
17
Suppose 5*w + 5*k = 25, -5*k = -2*w - 0*w + 3. Suppose 686 = w*n + 2*x, -n + 225 - 46 = 3*x. What is the greatest common divisor of n and 34?
34
Suppose -3050 = -90*m + 92*m. Let z = -1520 - m. Suppose -4*f + 66 = -3*g, -7*f = -3*f + 2*g - 56. Calculate the highest common divisor of f and z.
5
Suppose 0 = u + 2*s - 23 - 27, -7*s = -35. What is the greatest common divisor of u and 280?
40
Let l be (-4434)/(-10) - (-7 + (-416)/(-65)). Let h = 33 + -21. Calculate the highest common divisor of h and l.
12
Let q be 73 + (-2*1)/(-1). Suppose -190*l - 20370 = 1354*l - 113010. What is the highest common divisor of q and l?
15
Let x(g) = 79*g - 46. Let s(i) = i**3 - 11*i**2 - 40*i - 18. Let d be s(14). Let j be x(d). What is the greatest common divisor of j and 24?
24
Let j(n) = -n**3 + 6*n**2 - 6*n + 6. Let u be j(5). Suppose -u - 2 = -a. Suppose a*t - 64 = 8. Calculate the highest common factor of t and 60.
12
Suppose 8*n + 2518 = 11398. Calculate the highest common factor of n and 90.
30
Let j(n) = n + 6. Let z be j(-11). Let x = 15 - z. Let k be 3/3 - (-147)/(19 + -16). Calculate the highest common factor of k and x.
10
Let k = 28108 - 27296. What is the greatest common divisor of 116 and k?
116
Let l(r) = -17*r + 4. Let t(x) = x**2 + 16*x - 4. Let p(a) = 4*l(a) + 3*t(a). Let k be p(7). Calculate the greatest common divisor of k and 110.
11
Suppose 432 = -16*j + 1214 + 1138. Calculate the highest common factor of j and 10.
10
Let h(n) = -n**2 + 13*n + 16. Suppose -p - 31 + 15 = 0. Let y be h(p). Let s = -308 - y. What is the highest common divisor of 28 and s?
28
Suppose 20 = v - 11*v. Let q(x) = -32*x**3 - x**2 - 5*x - 1. Let h be q(v). Suppose -3*l - 2*l = -145. Calculate the highest common factor of h and l.
29
Suppose -51*m - 63*m = 6*m - 16320. What is the highest common divisor of m and 3332?
68
Let x be ((-138)/(-6))/(((-28)/35)/(-4)). Calculate the highest common factor of 15 and x.
5
Suppose 89381 + 164855 = 353*y - 10514. Calculate the greatest common factor of y and 6.
6
Let b be 6 + (0/4)/(-3)*-1. Let s(x) = -x**2 + 5 + 9*x - 3*x - 5 + 11. Let m be s(b). What is the highest common divisor of m and 11?
11
Let o(v) be the first derivative of -2*v**2 + 13. Let r be o(-6). Let g be (r/2)/((-14)/(-224)). Calculate the greatest common factor of 24 and g.
24
Suppose 15*y = -4*z + 19*y + 25888, z = 2*y + 6472. What is the highest common divisor of z and 48?
8
Let c be (3/9)/(7/84). Suppose 0 = -r + c*r + 48. Let g = -11 - r. Calculate the greatest common divisor of 1 and g.
1
Suppose -l + m + 6 = 0, -5*l + 11 - 5 = m. Suppose -2*z - 209 = -5*q, -5*q + 0*z = l*z - 201. Calculate the highest common divisor of 41 and q.
41
Let x be (-10197)/(-162) - 3/(-54). Calculate the highest common divisor of 1008 and x.
63
Suppose -3*n - 32 = -11*n. Suppose -n*v - 3*t = -360, -t = -4*v + 216 + 128. Calculate the greatest common factor of v and 3.
3
Let z be 0/(-8) + -1 + 6. Let v be 6/(-8) + (-10209)/(-492). What is the greatest common factor of z and v?
5
Let g be -7*((-3)/(-7))/((-14)/(-84)). Let q be (-3)/(-3) + 2 - (-6 + g). Calculate the greatest common factor of q and 324.
27
Let q = 1083 - 263. Suppose 4 = -p - 1, -4*p + q = 5*x. Calculate the greatest common factor of x and 56.
56
Suppose -3*s - 4*c = -15261, 0 = 6*s - 2*s + 4*c - 20344. Suppose 4*a = -13*a + s. Calculate the highest common divisor of a and 23.
23
Let j(t) = -t**3 - t**2 + 3*t + 9. Let f be j(-8). Suppose 519 + f = -14*p. Let c = 78 + p. What is the greatest common divisor of c and 25?
5
Let p = -7 - -7. Suppose 0 = -0*u + 2*u - 5*m, -u - 2*m + 18 = p. Calculate the greatest common divisor of u and 50.
10
Let z = 2869 + -2784. Let c be (119/(-21))/((-2)/12). What is the highest common divisor of c and z?
17
Let h(s) be the third derivative of -s**6/120 - s**5/60 - s**4/12 + 10*s**3 + s**2 + 1. Let d be h(0). Calculate the greatest common factor of d and 40.
20
Let y = 516 - 148. Suppose -q + 5*q = y. Calculate the greatest common divisor of 4 and q.
4
Let l be (1 + 0)/(34/86530). Let n be ((-2)/10)/(l/425 - 6). What is the greatest common divisor of 34 and n?
17
Let w be (-455)/(-14)*(-24)/(-15). Let x be (1/4)/(-1 - 265/(-260)). Calculate the greatest common divisor of w and x.
13
Suppose -759 = -111*s + 3015. Calculate the highest common divisor of s and 629.
17
Let m = -49 - 19. Let h = m + 78. Let a = -240 + 295. What is the greatest common factor of h and a?
5
Let d(b) = -9*b - 4. Let y be d(-4). Suppose 41*i + 12000 = 191*i. Calculate the highest common divisor of y and i.
16
Let g(l) = -118*l**3 + l**2 + 2*l + 2. Suppose -17 - 20 = 37*a. Let s be g(a). Calculate the greatest common factor of s and 68.
17
Suppose -3*b = 16*x - 18*x - 295, -x - 137 = 2*b. Let h = x + 416. What is the highest common divisor of h and 21?
21
Let j = -19699 - -43765. What is the highest common factor of j and 14?
14
Suppose -18 = -t - 4*v, 3*t + 4*v = 15 + 31. Suppose 3*c - 385 - t = 0. What is the greatest common divisor of 19 and c?
19
Let f = -8704 - -9199. Calculate the greatest common divisor of 